{"id":309,"date":"2024-04-05T21:30:25","date_gmt":"2024-04-05T19:30:25","guid":{"rendered":"http:\/\/10.100.30.111\/?page_id=309"},"modified":"2025-10-27T14:11:28","modified_gmt":"2025-10-27T18:11:28","slug":"declaracion-de-la-mision-vision-valores-y-principios-de-la-entidad","status":"publish","type":"page","link":"https:\/\/www.seprec.gob.bo\/index.php\/declaracion-de-la-mision-vision-valores-y-principios-de-la-entidad\/","title":{"rendered":"Misi\u00f3n, Visi\u00f3n, Valores y Principios de la Entidad"},"content":{"rendered":"\n<p><\/p>\n\n\n\n<h2 class=\"wp-block-heading\">Misi\u00f3n<\/h2>\n\n\n\n<p>Garantizar la transparencia y legalidad en el Registro de Comercio del Estado Plurinacional de Bolivia, brindando un servicio eficiente, accesible y confiable para todos los actores econ\u00f3micos, y contribuyendo al desarrollo econ\u00f3mico y a la seguridad jur\u00eddica del pa\u00eds.<\/p>\n\n\n\n<h2 class=\"wp-block-heading\">Visi\u00f3n<\/h2>\n\n\n\n<p>Ser una entidad referente en Registro de Comercio en el Estado Plurinacional de Bolivia, destacando por la desburocratizaci\u00f3n y amplio uso de la tecnolog\u00eda digital, buscamos lograr una mayor formalizaci\u00f3n y apoyo al emprendimiento en el pa\u00eds.<\/p>\n\n\n\n<h2 class=\"wp-block-heading\">El SEPREC se rige bajo los siguientes Valores:<\/h2>\n\n\n\n<p><\/p>\n\n\n\n<ul class=\"wp-block-list\">\n<li><strong>Vivir Bien, ama qhilla, ama llulla, ama suwa<\/strong>\u00a0(no seas flojo, no seas mentiroso, no seas ladr\u00f3n),\u00a0<strong>suma qama\u00f1a<\/strong>\u00a0(vivir bien),\u00a0<strong>\u00f1andereko<\/strong>\u00a0(vida armoniosa),\u00a0<strong>teko kavi<\/strong>\u00a0(vida buena),\u00a0<strong>ivi maraei<\/strong>\u00a0(tierra sin mal) y\u00a0<strong>qhapaj \u00f1an<\/strong>\u00a0(camino o vida noble). orientada a lograr calidad de vida de los bolivianos conforme el mandato de la Constituci\u00f3n Pol\u00edtica del Estado.<\/li>\n\n\n\n<li><strong>Solidaridad<\/strong>, dirigida a la colaboraci\u00f3n mutua, que permita superar contingencias no previsibles, agotando la v\u00eda de la conciliaci\u00f3n pacifica en los conflictos que puedan suceder.<\/li>\n\n\n\n<li><strong>Armon\u00eda<\/strong>, para generar equilibrio y balance en los actores del registro de comercio.<\/li>\n\n\n\n<li><strong>Dignidad<\/strong>, enfocada al respeto y consideraci\u00f3n por la dignidad personal de los que intervienen en las actividades propias del registro de comercio.<\/li>\n\n\n\n<li><strong>Equidad<\/strong>, evitando exclusiones de cualquier naturaleza, pregonando la justicia e igualdad de oportunidades entre hombres y mujeres respetando la pluralidad de la sociedad.<\/li>\n\n\n\n<li><strong>Lealtad institucional<\/strong>, la cual supone conocer y aplicar los principios \u00e9ticos y valores institucionales que nos rigen, para el desarrollo transparente de funciones p\u00fablicas.<\/li>\n\n\n\n<li><strong>Probidad<\/strong>, como moralidad, integridad y honradez en las acciones y desarrollo de funciones p\u00fablicas como entidad encargada de los procesos de Registro de Comercio.<\/li>\n\n\n\n<li><strong>Respeto<\/strong>, enfocada al reconocimiento del valor propio y de los derechos de los individuos y de la sociedad que compone el Estado Plurinacional de Bolivia.<\/li>\n\n\n\n<li><strong>Unidad<\/strong>, a los fines de lograr uni\u00f3n entre todos los bolivianos, cumpliendo los principios de la Constituci\u00f3n Pol\u00edtica del Estado.<\/li>\n\n\n\n<li><strong>Verdad<\/strong>, procurado lograr coincidencia entre las afirmaciones y los hechos que vinculen espacios de dialogo afectivo entre los part\u00edcipes de los actos propios de registro de comercio.<\/li>\n<\/ul>\n\n\n\n<h2 class=\"wp-block-heading\">El SEPREC se rige bajo los siguientes Principios:<\/h2>\n\n\n\n<ul class=\"wp-block-list\">\n<li><strong>Integridad<\/strong>, orientada a generar confianza, anteponiendo el respeto por los dem\u00e1s.<\/li>\n\n\n\n<li><strong>Inclusi\u00f3n<\/strong>, encaminada a lograr que todos los individuos y grupos sociales, puedan tener las mismas posibilidades y oportunidades en los actividades y actos propios del registro de comercio.<\/li>\n\n\n\n<li><strong>Complementariedad<\/strong>, enfocada a que cada actor de la cooperaci\u00f3n concentre su intervenci\u00f3n en los \u00e1mbitos en los que m\u00e1s valor a\u00f1adido puede aportar, en relaci\u00f3n a las actividades y actos propios del registro de comercio.<\/li>\n\n\n\n<li><strong>Reciprocidad<\/strong>, conducente a corresponder de forma mutua a los part\u00edcipes e intervinientes de las actividades propias del registro de comercio.<\/li>\n\n\n\n<li><strong>Redistribuci\u00f3n<\/strong>, a los fines de cumplir con los principios del modelo Econ\u00f3mico Social Comunitarito y Productivo del Estado Plurinacional de Bolivia.<\/li>\n\n\n\n<li><strong>Seguridad jur\u00eddica<\/strong>, orientada a generar convicci\u00f3n en la situaci\u00f3n jur\u00eddica de los actores y participes del registro de comercio.<\/li>\n\n\n\n<li><strong>Sustentabilidad<\/strong>, enfocada a lograr sostenibilidad econ\u00f3mica en el tiempo, para cumplir los objetivos trazados como Estado, para el Vivir Bien.<\/li>\n\n\n\n<li><strong>Equilibrio<\/strong>, logrando el balance entre dos o m\u00e1s fuerzas o situaciones emergentes.<\/li>\n\n\n\n<li><strong>Justicia y transparencia<\/strong>, como referentes para lograr garantizar la inviolabilidad del derecho a la defensa, acceso a una justicia oportuna y transparente.<\/li>\n\n\n\n<li><strong>Calidad y Calidez<\/strong>, conducente a lograr dar un servicio c\u00e1lido al empresariado del Estado Plurinacional de Bolivia.<\/li>\n\n\n\n<li><strong>Compromiso e inter\u00e9s social<\/strong>, enfocada a ser estrictos y exigentes en el cumplimiento de metas para contribuir al Modelo Econ\u00f3mico Social Comunitarito y Productivo en favor de la poblaci\u00f3n boliviana.<\/li>\n\n\n\n<li><strong>Eficacia<\/strong>, procurando lograr el efecto que se desea y espera en las actividades propias del registro de comercio.<\/li>\n<\/ul>\n\n\n\n<p><\/p>\n","protected":false},"excerpt":{"rendered":"<p>Misi\u00f3n Garantizar la transparencia y legalidad en el Registro de Comercio del Estado Plurinacional de Bolivia, brindando un servicio eficiente, accesible y confiable para todos los actores econ\u00f3micos, y contribuyendo al desarrollo econ\u00f3mico y a la seguridad jur\u00eddica del pa\u00eds. Visi\u00f3n Ser una entidad referente en Registro de Comercio en el Estado Plurinacional de Bolivia, [&hellip;]<\/p>\n","protected":false},"author":1,"featured_media":0,"parent":0,"menu_order":0,"comment_status":"closed","ping_status":"closed","template":"","meta":{"_acf_changed":false,"footnotes":""},"class_list":["post-309","page","type-page","status-publish","hentry"],"acf":[],"_links":{"self":[{"href":"https:\/\/www.seprec.gob.bo\/index.php\/wp-json\/wp\/v2\/pages\/309","targetHints":{"allow":["GET"]}}],"collection":[{"href":"https:\/\/www.seprec.gob.bo\/index.php\/wp-json\/wp\/v2\/pages"}],"about":[{"href":"https:\/\/www.seprec.gob.bo\/index.php\/wp-json\/wp\/v2\/types\/page"}],"author":[{"embeddable":true,"href":"https:\/\/www.seprec.gob.bo\/index.php\/wp-json\/wp\/v2\/users\/1"}],"replies":[{"embeddable":true,"href":"https:\/\/www.seprec.gob.bo\/index.php\/wp-json\/wp\/v2\/comments?post=309"}],"version-history":[{"count":17,"href":"https:\/\/www.seprec.gob.bo\/index.php\/wp-json\/wp\/v2\/pages\/309\/revisions"}],"predecessor-version":[{"id":17381,"href":"https:\/\/www.seprec.gob.bo\/index.php\/wp-json\/wp\/v2\/pages\/309\/revisions\/17381"}],"wp:attachment":[{"href":"https:\/\/www.seprec.gob.bo\/index.php\/wp-json\/wp\/v2\/media?parent=309"}],"curies":[{"name":"wp","href":"https:\/\/api.w.org\/{rel}","templated":true}]}}